1
Let f(u) = -u**3 - 3*u**2 + 13*u - 66. Determine f(0).
-66
Let n(j) = j**3 - 13*j**2 + 3257*j - 38939. Determine n(12).
1
Let l(p) = p**3 - 499*p**2 + 35192*p - 672. Give l(414).
156
Let m(o) = -9*o**2 + 353205*o - 706405. Determine m(2).
-31
Let z(o) = 8*o**2 - 192*o + 372. Give z(20).
-268
Let n(j) = 45735*j - 45868. Calculate n(1).
-133
Let g(s) = 130*s**2 + 290*s - 879. Give g(3).
1161
Let n(l) = 511*l - 4801. Calculate n(6).
-1735
Let g(b) = 3*b**2 - 116*b - 2960. Calculate g(57).
175
Let x(t) = -80*t**3 + 7*t**2 - 748*t - 2240. Determine x(-3).
2227
Let l(x) = -2*x**3 + 598*x**2 - 3555*x + 25. Calculate l(6).
-209
Let b(i) = 32675*i + 98010. What is b(-3)?
-15
Let g(n) = 24022*n - 1969791. Calculate g(82).
13
Let m(l) = -6167*l**2 - 2269455*l + 381. Determine m(-368).
13
Let f(a) = 2*a**3 - 60*a**2 + 191*a - 3714. Calculate f(29).
143
Let m(b) = -3307*b**2 + 158736*b - 6. Calculate m(48).
-6
Let i(h) = -1540*h + 391148. Give i(254).
-12
Let n(m) = 70*m - 591. What is n(15)?
459
Let z(d) = -2*d**2 - 482*d - 8013. Calculate z(-17).
-397
Let q(v) = -2*v**3 + 287*v**2 - 1780*v - 92. Give q(137).
45
Let z(h) = -116398*h**2 - 2793554*h - 12. Determine z(-24).
36
Let i(c) = c**3 - 47*c**2 + 42*c + 3972. Give i(44).
12
Let p(n) = -7*n**3 + 2258*n**2 - 3528*n - 982. What is p(321)?
-19
Let z(i) = 2431*i - 51151. Calculate z(21).
-100
Let d(v) = 37012*v - 1665526. Give d(45).
14
Let o(w) = -208*w**3 - w**2 - 563*w - 562. Calculate o(-1).
208
Let l(n) = -3*n**3 + 57*n**2 - 83*n + 1393. What is l(19)?
-184
Let w(z) = -8*z - 1584. Give w(-80).
-944
Let h(m) = 2*m**2 - 392*m - 422583. Give h(568).
9
Let c(r) = -3*r**3 - 247*r**2 - 4850*r + 2. Calculate c(-50).
2
Let c(m) = -m**3 + 21*m**2 + 7*m + 1109. Give c(20).
1649
Let a(u) = -2*u**3 + 457*u**2 - 228*u + 229. Determine a(228).
229
Let x(k) = -16*k**3 + 513*k**2 - 28*k - 167. Calculate x(32).
-39
Let h(s) = -236*s - 5960. Determine h(-22).
-768
Let j(i) = -5*i**2 + 105*i + 4226. Determine j(-20).
126
Let k(v) = -3*v**3 - 255*v**2 - 260*v - 233. Give k(-84).
439
Let q(d) = 17*d**2 - 21*d + 175. Give q(4).
363
Let g(a) = -a**3 - 14*a**2 + 60*a + 63. Give g(-18).
279
Let w(r) = 70*r + 7753. Give w(-117).
-437
Let p(i) = -405*i - 3469. What is p(-7)?
-634
Let k(l) = -31960*l - 9364261. What is k(-293)?
19
Let q(i) = -23*i**3 + 60*i**2 + 16*i - 60. Determine q(3).
-93
Let s(r) = 2*r**3 - 4*r**2 + 200*r + 1509. What is s(-7)?
-773
Let b(n) = -428*n + 128419. What is b(300)?
19
Let p(a) = a**2 - 69*a + 2066. Give p(53).
1218
Let f(n) = -n**2 + 1762544*n + 7. Give f(0).
7
Let c(f) = 32*f**2 + 1103*f + 9254. Give c(-20).
-6
Let u(l) = -6152*l - 37026. Calculate u(-6).
-114
Let t(h) = -1942*h + 29700. Determine t(15).
570
Let r(n) = n**3 + 29*n**2 + 148*n - 166. Determine r(-8).
-6
Let y(v) = -395*v - 45823. Give y(-118).
787
Let c(i) = -217*i + 18084. Determine c(85).
-361
Let f(l) = 2*l**3 - 137*l**2 + 2004*l - 41. Determine f(21).
148
Let p(y) = -5146*y + 31122. Determine p(6).
246
Let d(n) = 91854*n - 459037. Determine d(5).
233
Let y(d) = d**3 + 519*d**2 + 2394*d + 171954. What is y(-515)?
-56
Let g(a) = -7*a**3 - 3*a**2 + 171*a - 338. Calculate g(2).
-64
Let g(q) = 3*q**3 + 27*q**2 - 596*q - 5349. Calculate g(-9).
15
Let l(w) = 5*w**2 + 148*w + 1407. Determine l(-28).
1183
Let g(h) = 4*h**3 + 17*h**2 - 101*h + 508. Give g(6).
1378
Let t(h) = h**3 + 53*h**2 + 47*h - 67. Determine t(-52).
193
Let u(d) = -28330*d + 198294. Calculate u(7).
-16
Let h(i) = -i**2 - 1091*i - 229170. Give h(-284).
18
Let s(v) = v**3 - 91*v**2 + 148*v + 3027. Calculate s(89).
357
Let i(p) = -59*p**3 + 42*p**2 + 64*p + 20. Calculate i(-1).
57
Let b(r) = -213*r**2 + 436*r - 23. Give b(2).
-3
Let g(b) = 190*b - 3183. Give g(12).
-903
Let n(k) = 8900*k + 53627. Determine n(-6).
227
Let v(p) = -834*p**2 + 5793*p + 303. What is v(7)?
-12
Let b(t) = -t**2 - 1228*t - 270653. Determine b(-288).
67
Let m(h) = 132*h**3 - 4*h**2 - 48*h - 45. Give m(-1).
-133
Let h(l) = l**3 - 35*l**2 + 42*l + 796. Calculate h(33).
4
Let t(i) = i**3 + 171*i**2 + 504*i + 86. Determine t(-168).
86
Let m(c) = 5896*c**3 - 12*c**2 - 114*c + 125. Determine m(1).
5895
Let z(y) = -91*y - 2573. Calculate z(-23).
-480
Let a(x) = 2601*x - 3581577. Determine a(1377).
0
Let p(t) = -t**3 - 23*t**2 + 25306*t - 334. Give p(-171).
8
Let p(u) = -2676*u - 50692. Calculate p(-19).
152
Let y(x) = -2*x**3 - 252*x**2 + 5844*x + 593. Give y(-146).
9
Let j(l) = l**3 - 2*l**2 + l + 23. Determine j(-7).
-425
Let n(w) = -4931*w + 98833. Calculate n(20).
213
Let m(w) = -14*w**2 + 762*w + 4980. Give m(-6).
-96
Let j(v) = -38*v**2 + 274*v - 170. What is j(8)?
-410
Let t(m) = -189142*m + 378278. Calculate t(2).
-6
Let x(b) = -3*b**3 - 1872*b**2 + 71*b + 44297. Give x(-624).
-7
Let r(c) = -549*c + 1633. Calculate r(3).
-14
Let k(s) = 2*s**2 + 246*s - 163390. Determine k(231).
158
Let y(i) = 45*i**2 + 270*i - 273. Give y(1).
42
Let h(y) = 487*y**2 + 32149*y + 526. Determine h(-66).
64
Let i(w) = -5364*w + 28702. Determine i(5).
1882
Let o(i) = 9*i**2 - 842*i - 181. Determine o(94).
195
Let y(x) = -x**3 + 171*x**2 - 7138*x - 1534. Determine y(98).
34
Let n(h) = -3695*h - 121941. What is n(-33)?
-6
Let s(i) = -2*i**3 - 381*i**2 + 468*i - 20618. Determine s(-192).
118
Let d(a) = 190*a**3 + 3*a**2 + 7*a - 11. What is d(2)?
1535
Let p(h) = 4680*h - 266770. Give p(57).
-10
Let b(h) = 2*h**3 + 213*h**2 + 135*h + 2969. Give b(-106).
-105
Let q(b) = -17741*b + 17734. What is q(1)?
-7
Let s(r) = r**3 - 55*r**2 - 697*r - 1846. What is s(-4)?
-2
Let g(n) = 10338*n - 1064833. Calculate g(103).
-19
Let f(q) = -425*q**2 + 4242*q + 33. Determine f(10).
-47
Let f(v) = -376465*v + 17317386. Give f(46).
-4
Let o(t) = -132*t + 5303. Determine o(38).
287
Let f(c) = -572*c**2 + 320318*c + 1089. What is f(560)?
-31
Let v(t) = -14402*t + 172830. Determine v(12).
6
Let p(f) = 1664*f + 299535. Calculate p(-180).
15
Let q(k) = 754*k + 62526. Calculate q(-85).
-1564
Let y(m) = -8188*m + 114845. Determine y(14).
213
Let a(m) = 9117468*m - 63822275. Determine a(7).
1
Let n(k) = -1413*k + 16576. Determine n(11).
1033
Let p(b) = 110*b**3 + 989*b**2 - 532*b - 4702. Calculate p(-9).
5
Let h(b) = 2*b**3 + 115*b**2 - 204*b - 1457. What is h(-59)?
136
Let w(f) = 569*f + 6670. Give w(-12).
-158
Let q(u) = 15670*u + 2601206. Determine q(-166).
-14
Let c(o) = 2*o**3 - 115*o**2 + 3302*o - 175473. Give c(56).
31
Let m(h) = -545*h - 38816. What is m(-72)?
424
Let z(a) = -a**3 - 16*a**2 - 191*a - 684. What is z(-6)?
102
Let f(g) = -30071*g + 60145. Give f(2).
3
Let l(q) = -1752830*q + 5258493. Give l(3).
3
Let v(x) = 186187*x + 930936. What is v(-5)?
1
Let s(b) = -b**2 + 232*b - 5355. Determine s(25).
-180
Let t(a) = -126*a + 27125. Calculate t(213).
287
Let c(j) = -762*j**2 - 3*j - 10. Determine c(1).
-775
Let c(o) = -1039*o - 35338. Give c(-31).
-3129
Let g(a) = -1422*a - 392490. Determine g(-276).
-18
Let b(m) = m**2 - 27856*m + 4321213. What is b(156)?
13
Let t(y) = -y**3 + 48*y**2 + 6648*y + 29. Determine t(109).
-80
Let g(l) = -l**3 + 101*l**2 + 1158*l + 480. Calculate g(-10).
0
Let x(u) = 1319*u - 6657. Calculate x(5).
-62
Let h(n) = -3*n**2 + 144*n - 1689. Determine h(34).
-261
Let u(h) = 2*h**3 + 281*h**2 + 383*h - 4782. Give u(-139).
-56
Let s(q) = -q**3 + 27*q**2 + 138*q - 4305. What is s(26)?
-41
Let a(u) = -2*u**3 - 11*u**2 - 273*u - 2522. Determine a(-8).
-18
Let t(v) = -5828*v + 437061. Determine t(75).
-39
Let v(p) = -172*p**2 - 4912*p + 4910. Calculate v(1).
-174
Let g(f) = -f**3 + 43*f**2 - 367*f - 154. Give g(31).
1
Let c(m) = m**2 + 114296*m + 7881655. What is c(-69)?
-8
Let a(x) = x**2 - 1607*x + 45633. Calculate a(29).
-129
Let s(t) = -1217*t + 12961. Give s(13).
-2860
Let v(s) = -323049*s - 1292218. What is v(-4)?
-22
Let j(x) = 2*x**3 + 141*x**2 + 306*x - 2251. Give j(-68).
61
Let z(u) = -u**2 + 58*u - 879. Determine z(17).
-182
Let t(x) = -5*x**2 + 9102*x + 45570. Determine t(-5).
-65
Let u(w) = -67777*w - 271049. What is u(-4)?
59
Let z(d) = -d**3 + 6*d**2 - 67324*d + 269263. Give z(4).
-1
Let u(o) = 2*o**2 - 41*o - 1558. Calculate u(-21).
185
Let c(m) = -4*m**2 + 206*m + 6528. What is c(74)?
-132
Let x(z) = -z**3 - 13*z**2 - 153*z - 856. What is x(-7)?
-79
Let l(w) = -21*w**2 + 395*w + 265. Give l(18)